{"id":3829,"date":"2025-11-05T07:57:03","date_gmt":"2025-11-05T06:57:03","guid":{"rendered":"https:\/\/www.knihovnamb.cz\/?page_id=3829"},"modified":"2025-11-05T08:06:05","modified_gmt":"2025-11-05T07:06:05","slug":"knihovnicke-lekce-a-tematicke-besedy-pro-skoly-2","status":"publish","type":"page","link":"https:\/\/www.knihovnamb.cz\/?page_id=3829","title":{"rendered":"Knihovnick\u00e9 lekce a tematick\u00e9 besedy pro \u0161koly"},"content":{"rendered":"\n<p><\/p>\n\n\n<div class=\"wp-block-image\">\n<figure class=\"aligncenter size-large is-resized\"><img loading=\"lazy\" decoding=\"async\" width=\"410\" height=\"1024\" src=\"https:\/\/www.knihovnamb.cz\/wp-content\/uploads\/2025\/09\/Programy-pro-skoly-1.-stupen-2025-2026_page-0001-410x1024.jpg\" alt=\"\" class=\"wp-image-3719\" style=\"width:536px;height:auto\" srcset=\"https:\/\/www.knihovnamb.cz\/wp-content\/uploads\/2025\/09\/Programy-pro-skoly-1.-stupen-2025-2026_page-0001-410x1024.jpg 410w, https:\/\/www.knihovnamb.cz\/wp-content\/uploads\/2025\/09\/Programy-pro-skoly-1.-stupen-2025-2026_page-0001-120x300.jpg 120w, https:\/\/www.knihovnamb.cz\/wp-content\/uploads\/2025\/09\/Programy-pro-skoly-1.-stupen-2025-2026_page-0001-768x1920.jpg 768w, https:\/\/www.knihovnamb.cz\/wp-content\/uploads\/2025\/09\/Programy-pro-skoly-1.-stupen-2025-2026_page-0001-819x2048.jpg 819w, https:\/\/www.knihovnamb.cz\/wp-content\/uploads\/2025\/09\/Programy-pro-skoly-1.-stupen-2025-2026_page-0001-scaled.jpg 1024w\" sizes=\"auto, (max-width: 410px) 100vw, 410px\" \/><\/figure>\n<\/div>\n\n\n<p><\/p>\n\n\n\n<p><\/p>\n\n\n\n<p><\/p>\n\n\n<div class=\"wp-block-image\">\n<figure class=\"aligncenter size-large is-resized\"><img loading=\"lazy\" decoding=\"async\" width=\"410\" height=\"1024\" src=\"https:\/\/www.knihovnamb.cz\/wp-content\/uploads\/2025\/09\/Programy-pro-skoly-2.-stupen-2025-2026_page-0001-410x1024.jpg\" alt=\"\" class=\"wp-image-3728\" style=\"width:538px;height:auto\" srcset=\"https:\/\/www.knihovnamb.cz\/wp-content\/uploads\/2025\/09\/Programy-pro-skoly-2.-stupen-2025-2026_page-0001-410x1024.jpg 410w, https:\/\/www.knihovnamb.cz\/wp-content\/uploads\/2025\/09\/Programy-pro-skoly-2.-stupen-2025-2026_page-0001-120x300.jpg 120w, https:\/\/www.knihovnamb.cz\/wp-content\/uploads\/2025\/09\/Programy-pro-skoly-2.-stupen-2025-2026_page-0001-768x1920.jpg 768w, https:\/\/www.knihovnamb.cz\/wp-content\/uploads\/2025\/09\/Programy-pro-skoly-2.-stupen-2025-2026_page-0001-819x2048.jpg 819w, https:\/\/www.knihovnamb.cz\/wp-content\/uploads\/2025\/09\/Programy-pro-skoly-2.-stupen-2025-2026_page-0001-scaled.jpg 1024w\" sizes=\"auto, (max-width: 410px) 100vw, 410px\" \/><\/figure>\n<\/div>\n\n\n<p><\/p>\n","protected":false},"excerpt":{"rendered":"","protected":false},"author":1,"featured_media":0,"parent":0,"menu_order":0,"comment_status":"closed","ping_status":"closed","template":"","meta":{"footnotes":""},"class_list":["post-3829","page","type-page","status-publish","hentry"],"_links":{"self":[{"href":"https:\/\/www.knihovnamb.cz\/index.php?rest_route=\/wp\/v2\/pages\/3829","targetHints":{"allow":["GET"]}}],"collection":[{"href":"https:\/\/www.knihovnamb.cz\/index.php?rest_route=\/wp\/v2\/pages"}],"about":[{"href":"https:\/\/www.knihovnamb.cz\/index.php?rest_route=\/wp\/v2\/types\/page"}],"author":[{"embeddable":true,"href":"https:\/\/www.knihovnamb.cz\/index.php?rest_route=\/wp\/v2\/users\/1"}],"replies":[{"embeddable":true,"href":"https:\/\/www.knihovnamb.cz\/index.php?rest_route=%2Fwp%2Fv2%2Fcomments&post=3829"}],"version-history":[{"count":8,"href":"https:\/\/www.knihovnamb.cz\/index.php?rest_route=\/wp\/v2\/pages\/3829\/revisions"}],"predecessor-version":[{"id":3839,"href":"https:\/\/www.knihovnamb.cz\/index.php?rest_route=\/wp\/v2\/pages\/3829\/revisions\/3839"}],"wp:attachment":[{"href":"https:\/\/www.knihovnamb.cz\/index.php?rest_route=%2Fwp%2Fv2%2Fmedia&parent=3829"}],"curies":[{"name":"wp","href":"https:\/\/api.w.org\/{rel}","templated":true}]}}