{"id":1466,"date":"2019-12-11T15:24:43","date_gmt":"2019-12-11T14:24:43","guid":{"rendered":"http:\/\/www.knihovnamb.cz\/?page_id=1466"},"modified":"2026-04-22T08:36:25","modified_gmt":"2026-04-22T06:36:25","slug":"e-knihy-navod","status":"publish","type":"page","link":"https:\/\/www.knihovnamb.cz\/?page_id=1466","title":{"rendered":"E-v\u00fdp\u016fj\u010dky(n\u00e1vod)"},"content":{"rendered":"\n<blockquote class=\"wp-block-quote is-layout-flow wp-block-quote-is-layout-flow\">\n<p class=\"has-text-align-center has-black-color has-pale-cyan-blue-background-color has-text-color has-background has-link-color wp-elements-0de03298e79d1804b24195ba7f7dee09\" style=\"font-size:16px\">Knihovna nab\u00edz\u00ed registrovan\u00fdm \u010dten\u00e1\u0159\u016fm<strong>&nbsp;<span style=\"text-decoration: underline;\">zdarma<\/span><\/strong>&nbsp;mo\u017enost&nbsp;<strong><span style=\"text-decoration: underline;\">p\u016fj\u010dov\u00e1n\u00ed e-knih<\/span><\/strong>&nbsp;a&nbsp;<strong><span style=\"text-decoration: underline;\">e-audioknih<\/span><\/strong>.<\/p>\n<\/blockquote>\n\n\n\n<p class=\"has-medium-font-size\">Podm\u00ednky e-v\u00fdp\u016fj\u010dky:<\/p>\n\n\n\n<ol class=\"wp-block-list\">\n<li>E-v\u00fdp\u016fj\u010dky&nbsp;<strong><span style=\"text-decoration: underline;\">p\u016fj\u010dujeme registrovan\u00fdm \u010dten\u00e1\u0159\u016fm<\/span><\/strong>&nbsp;knihovny, kte\u0159\u00ed maj\u00ed v u\u017eivatelsk\u00e9m kont\u011b&nbsp;<span style=\"text-decoration: underline;\"><strong>zadanou e-mailovou adresu<\/strong>.<\/span><\/li>\n\n\n\n<li>\u010cten\u00e1\u0159 se mus\u00ed zaregistrovat na port\u00e1lu <a href=\"https:\/\/www.palmknihy.cz\/\" target=\"_blank\" rel=\"noreferrer noopener\"><strong>Palmknihy<\/strong><\/a> a uv\u00e9st<strong>&nbsp;<span style=\"text-decoration: underline;\">stejn\u00fd e-mail<\/span>,<\/strong>&nbsp;kter\u00fd zadal v u\u017eivatelsk\u00e9m kont\u011b v knihovn\u011b.<\/li>\n\n\n\n<li>E-dokumenty vyhled\u00e1te v<strong>&nbsp;<a href=\"https:\/\/mbud.tritius.cz\/\" target=\"_blank\" rel=\"noreferrer noopener\">katalogu<\/a><\/strong> knihovny<\/li>\n\n\n\n<li>Po uplynut\u00ed doby v\u00fdp\u016fj\u010dky (31 dn\u016f) e-v\u00fdp\u016fj\u010dka<strong>&nbsp;<span style=\"text-decoration: underline;\">sama zmiz\u00ed<\/span><\/strong>&nbsp;z va\u0161eho za\u0159\u00edzen\u00ed.<\/li>\n\n\n\n<li>Je mo\u017en\u00e9 si vyp\u016fj\u010dit maxim\u00e1ln\u011b&nbsp;<strong><span style=\"text-decoration: underline;\">3 tituly e-v\u00fdp\u016fj\u010dek<\/span><\/strong>.<\/li>\n<\/ol>\n\n\n\n<hr class=\"wp-block-separator has-alpha-channel-opacity\"\/>\n\n\n\n<p>Slu\u017eba eV\u00fdp\u016fj\u010dky m\u00e1 novou modern\u00ed aplikaci Palmknihy \u2013 rychlej\u0161\u00ed, p\u0159ehledn\u011bj\u0161\u00ed a pohodln\u011bj\u0161\u00ed. Va\u0161e v\u00fdp\u016fj\u010dky i zakoupen\u00e9 tituly z\u016fst\u00e1vaj\u00ed zachov\u00e1ny, nep\u0159en\u00e1\u0161ej\u00ed se jen osobn\u00ed \u00fadaje jako roze\u010dtenost, z\u00e1lo\u017eky \u010di pozn\u00e1mky.<br><\/p>\n\n\n\n<figure class=\"wp-block-image size-large\"><img loading=\"lazy\" decoding=\"async\" width=\"1024\" height=\"1024\" src=\"https:\/\/www.knihovnamb.cz\/wp-content\/uploads\/2026\/04\/Nova-aplikace_1080x1080_6-1-1024x1024.jpg\" alt=\"\" class=\"wp-image-3965\" srcset=\"https:\/\/www.knihovnamb.cz\/wp-content\/uploads\/2026\/04\/Nova-aplikace_1080x1080_6-1-1024x1024.jpg 1024w, https:\/\/www.knihovnamb.cz\/wp-content\/uploads\/2026\/04\/Nova-aplikace_1080x1080_6-1-300x300.jpg 300w, https:\/\/www.knihovnamb.cz\/wp-content\/uploads\/2026\/04\/Nova-aplikace_1080x1080_6-1-150x150.jpg 150w, https:\/\/www.knihovnamb.cz\/wp-content\/uploads\/2026\/04\/Nova-aplikace_1080x1080_6-1-768x768.jpg 768w, https:\/\/www.knihovnamb.cz\/wp-content\/uploads\/2026\/04\/Nova-aplikace_1080x1080_6-1.jpg 1080w\" sizes=\"auto, (max-width: 1024px) 100vw, 1024px\" \/><\/figure>\n","protected":false},"excerpt":{"rendered":"<p>Knihovna nab\u00edz\u00ed registrovan\u00fdm \u010dten\u00e1\u0159\u016fm&nbsp;zdarma&nbsp;mo\u017enost&nbsp;p\u016fj\u010dov\u00e1n\u00ed e-knih&nbsp;a&nbsp;e-audioknih. Podm\u00ednky e-v\u00fdp\u016fj\u010dky: Slu\u017eba eV\u00fdp\u016fj\u010dky m\u00e1 novou modern\u00ed aplikaci Palmknihy \u2013 rychlej\u0161\u00ed, p\u0159ehledn\u011bj\u0161\u00ed a pohodln\u011bj\u0161\u00ed. Va\u0161e v\u00fdp\u016fj\u010dky i zakoupen\u00e9 tituly z\u016fst\u00e1vaj\u00ed zachov\u00e1ny, nep\u0159en\u00e1\u0161ej\u00ed se jen osobn\u00ed \u00fadaje jako roze\u010dtenost, z\u00e1lo\u017eky \u010di pozn\u00e1mky.<\/p>\n","protected":false},"author":1,"featured_media":0,"parent":334,"menu_order":0,"comment_status":"closed","ping_status":"closed","template":"","meta":{"footnotes":""},"class_list":["post-1466","page","type-page","status-publish","hentry"],"_links":{"self":[{"href":"https:\/\/www.knihovnamb.cz\/index.php?rest_route=\/wp\/v2\/pages\/1466","targetHints":{"allow":["GET"]}}],"collection":[{"href":"https:\/\/www.knihovnamb.cz\/index.php?rest_route=\/wp\/v2\/pages"}],"about":[{"href":"https:\/\/www.knihovnamb.cz\/index.php?rest_route=\/wp\/v2\/types\/page"}],"author":[{"embeddable":true,"href":"https:\/\/www.knihovnamb.cz\/index.php?rest_route=\/wp\/v2\/users\/1"}],"replies":[{"embeddable":true,"href":"https:\/\/www.knihovnamb.cz\/index.php?rest_route=%2Fwp%2Fv2%2Fcomments&post=1466"}],"version-history":[{"count":54,"href":"https:\/\/www.knihovnamb.cz\/index.php?rest_route=\/wp\/v2\/pages\/1466\/revisions"}],"predecessor-version":[{"id":3969,"href":"https:\/\/www.knihovnamb.cz\/index.php?rest_route=\/wp\/v2\/pages\/1466\/revisions\/3969"}],"up":[{"embeddable":true,"href":"https:\/\/www.knihovnamb.cz\/index.php?rest_route=\/wp\/v2\/pages\/334"}],"wp:attachment":[{"href":"https:\/\/www.knihovnamb.cz\/index.php?rest_route=%2Fwp%2Fv2%2Fmedia&parent=1466"}],"curies":[{"name":"wp","href":"https:\/\/api.w.org\/{rel}","templated":true}]}}